. List the prime factors of x(s).
2, 7
Suppose 0 = 5*w - 5*l - 7355, 6*l = -2*w + l + 2963. Suppose -w = -39*p + 8744. What are the prime factors of p?
2, 131
Let n be 18/(-99) - (-72)/33. Suppose n*x = -3 + 11. Suppose -x*a = -11 - 25. What are the prime factors of a?
3
Suppose 713060 = 70*i + 43720. List the prime factors of i.
2, 7, 683
Let c = 2945 + 18790. List the prime factors of c.
3, 5, 7, 23
Suppose 13*x = 125590 + 65549. List the prime factors of x.
3, 13, 29
Suppose -1101937 = -53*d + 415082. What are the prime factors of d?
3, 7, 29, 47
Let o be 5 - 5 - 144/(-12). Suppose 1458 = -o*p + 14*p - i, -4*p = 3*i - 2936. List the prime factors of p.
17, 43
Let z(t) = -3239*t**3 - 3*t**2 - 52*t - 50. What are the prime factors of z(-1)?
2, 1619
Suppose -4*k + 52753 = -s, 30*k + 3*s = 28*k + 26401. List the prime factors of k.
2, 5, 1319
Let o = -18 - -20. Suppose -5*k + 3*i = -30, -3 = -o*i + 7. Suppose 11*p - k*p = 158. List the prime factors of p.
79
Suppose 7321 = 3*f - 4*b, -8*f + 12*f + 2*b = 9732. Suppose 4*d + 5*y - f = 0, 0 = 10*d - 9*d + 3*y - 614. What are the prime factors of d?
5, 11
Let i(h) = 222*h**2 - 56*h - 562. List the prime factors of i(-7).
2, 2677
Suppose -47 = -10*n - 7. Let x be (-2)/(-8) + (-1)/n. List the prime factors of 0 - (x - 2 - 9).
11
Suppose 0 = -i - 354*s + 349*s + 19004, 2*i + 2*s - 38016 = 0. What are the prime factors of i?
19009
Let h(o) = -o**3 + 59*o**2 - 12*o + 2. Let s be h(37). Suppose 29*v - s = -3315. What are the prime factors of v?
3, 101
Let y(i) = i**3 - 4*i**2 + 3*i - 1. Let t be y(3). Suppose -2*p - 14*f - 4 = -12*f, -2*p + 2*f = 8. What are the prime factors of t + 0 - p/(3/115)?
2, 3, 19
Let i = 2917 + 1334. List the prime factors of i.
3, 13, 109
Let l = 240 + -231. Suppose 66*g = l*g + 73245. List the prime factors of g.
5, 257
Suppose 0 = -g - 5*o + 249, -g + 4*o + 32 = -172. Suppose -227*z + 1590 = -g*z. What are the prime factors of z?
2, 5, 53
Let s = -151 + 211. Let y = -64 + s. Let h(o) = -31*o - 16. List the prime factors of h(y).
2, 3
Suppose 2*c + 185 = y + 1404, 0 = 5*c + 4*y - 3054. Let q = -238 + c. Suppose 9*o - 87 = q. What are the prime factors of o?
3, 17
Let w(a) = 4*a**2 + a + 24. Let d(q) = -16*q + 17. Let z be d(2). Let i be 4/(-10) - 81/z. What are the prime factors of w(i)?
3, 43
Suppose 2*l - 1845 = 2*c + 6989, -2*c - 4422 = -l. What are the prime factors of l?
2, 1103
Suppose 4*x - 32 = 64. Suppose l - 4*d - 11 = 0, 5*d - 2 = -4*l - 0. Suppose a - x = -l*a. List the prime factors of a.
2, 3
Let m be 8/3 + -1 - 15764/12. Let n = -798 - m. What are the prime factors of n?
2, 257
Suppose 4*w - 1469 = -5*x, w + 895 = 3*x - 0*w. Let q = x - 65. List the prime factors of q.
2, 29
Let o(y) = -y**3 + 39*y**2 + 325*y + 22. What are the prime factors of o(40)?
2, 5711
Let o be (-63)/(-42) + (-12262)/4. List the prime factors of (48/192)/((-1)/o).
2, 383
Suppose -41*f - 3104 = -h - 40*f, -3*f - 3 = 0. List the prime factors of h.
29, 107
Let g(r) = r**3 + 33*r**2 + 34*r + 68. Let x be g(-32). Suppose j = 3*j - 5*i - 981, -j - x*i + 497 = 0. List the prime factors of j.
17, 29
Let v be 10/(-12) - (1 + 1017/(-54)). Suppose 806 + 826 = v*p. List the prime factors of p.
2, 3
Let a(s) = 46*s**2 + 4*s + 4. Let j(f) = -4*f - 30. Let n be j(-8). Let l be 3 + (-4 + 6)/((-1)/n). What are the prime factors of a(l)?
2, 23
Let m = 29 + -35. Let g be -5 + 4 - (m + 0). Suppose -2*h + 40 = 4*j - 0*j, -2*h + g*j = -40. List the prime factors of h.
2, 5
What are the prime factors of (-254400)/(-14) + ((-2)/7)/((-2)/(-3))?
3, 673
Let q be (-2)/(8/4) - (-3 - 1). Let k be (-4)/(-6)*q*(-1236)/(-24). Let m = k + -24. List the prime factors of m.
79
Suppose 16*k = 14*k - 3*f + 585, 4*k - 1179 = 3*f. List the prime factors of k.
2, 3, 7
Let h = -174 + 141. List the prime factors of 9658/h*(-9)/6.
439
Let g(s) = s**3 - 3*s**2 - 6*s - 6. Let k be g(6). Suppose -o = 2 + 46. Let h = o + k. What are the prime factors of h?
2, 3
Let d(l) = 4*l**2 + l - 4. Let v be d(2). Suppose v = 3*k - 7. What are the prime factors of 128 - (k - (-1 + 5))?
5
Let w(q) = 13*q + 37. Let r be w(0). Suppose r*b - 3531 - 31508 = 0. List the prime factors of b.
947
Let a be (-66)/(-10) - 33/55. Let f(t) = -3*t + 11 + 2*t**2 + 10 - a. List the prime factors of f(6).
3, 23
Let c(a) = -28*a - 10. Let v be c(-2). Suppose -v*x + 50*x - 356 = 0. List the prime factors of x.
89
Suppose -3 = -2*a + 3*a + 5*n, 4*a = -3*n + 5. Suppose 3 = -73*l + 72*l. What are the prime factors of (4 + l)/(a/108)?
2, 3
Let d(g) = -5*g**3. Let v be d(1). Let f(o) = 3*o**2 + 8*o + 17. Let c be f(v). What are the prime factors of c + -2*15/(-10)?
5, 11
Suppose 13324 + 33614 = 3*g + 2037. What are the prime factors of g?
3, 1663
Suppose 4*p - 32766 = -m, -65602 = 2818*m - 2820*m + 2*p. List the prime factors of m.
2, 19, 863
Let t = -168 + 169. Suppose 5 = 2*v + t, 0 = -5*w - 5*v + 1135. List the prime factors of w.
3, 5
Suppose 147*t = 149*t - 13442. List the prime factors of t.
11, 13, 47
Suppose 2*h + 14 = -5*u, 5*u + 5 = -h - 12. Suppose 0 = h*q - q - 568. Suppose 5*r + 2*f - q = 0, -5*r - 3*f = 157 - 443. List the prime factors of r.
2, 7
Suppose -6 = -3*i, 2*n = -i + 11033 + 12481. List the prime factors of n.
2, 2939
Suppose -16971 = -2*g - 5*s - 6698, -s - 15418 = -3*g. What are the prime factors of g?
3, 571
Let f(a) = 22*a - 30. Let l be f(6). Suppose 35 = -l*t + 97*t. List the prime factors of 2/t - (-48)/(-42)*-2.
2
Suppose -48*n = -3*h - 44*n + 42053, -5*n = 3*h - 42089. List the prime factors of h.
37, 379
Let p(n) = n**3 - 71*n**2 - 100*n + 102. What are the prime factors of p(74)?
2, 5, 11, 83
Suppose -151*j + 667110 - 221962 = 0. List the prime factors of j.
2, 11, 67
Let y(n) = -n**3 - 26*n**2 - 17*n - 16. Let i be (-1)/(-5) - (-3537)/(-135). What are the prime factors of y(i)?
2, 3, 71
Let h(l) = 3*l + 56. Let y be h(-17). Suppose 2465 = y*j - 0*n - 5*n, 0 = -4*j + n + 1957. What are the prime factors of j?
2, 61
Let k be (21/(-3))/(3 - (2 + 2)). Suppose 0 = -5*w + k*w - 268. Suppose 0 = q + 3*z - 89, 0 = -2*q + 2*z + 20 + w. List the prime factors of q.
2, 5
Let f = 29024 + -5222. What are the prime factors of f?
2, 3, 3967
Let k = -120 - -122. Suppose p + k*l - 405 = 89, 4*p - 4*l - 1928 = 0. What are the prime factors of p?
2, 3
Let k(n) = -n**3 - 7*n**2 - 8*n - 4. Let t be k(-6). Suppose -7948 = -12*b - 6640. Let s = b + t. What are the prime factors of s?
3, 13
Let l(r) = -1169*r**3 - 3*r**2 - 14*r + 34. What are the prime factors of l(-3)?
2, 7, 1129
Let p = 12 + -10. Suppose 3*c + 2*c - 4*q = 15, 0 = q. Suppose c*u - 115 = p*u. What are the prime factors of u?
5, 23
Let x(f) = 61*f**3 - 36*f**2 + 247*f - 38. List the prime factors of x(7).
2, 3, 5, 139
Suppose 3*y + 3*n = 89367, -3*y - 2*n - 25010 = -114385. List the prime factors of y.
83, 359
Suppose -2*u = 30*t - 27*t - 128156, t - 42721 = -3*u. List the prime factors of t.
2, 13, 31, 53
Let a = 30522 + -18123. What are the prime factors of a?
3, 4133
Let t(i) = 14163*i + 6052. What are the prime factors of t(3)?
48541
Suppose 42*q + 26434 = 43*q + 5*b, 5*q - 132236 = -3*b. What are the prime factors of q?
26449
Suppose -4*p + 6021 = -9507. What are the prime factors of p?
2, 3, 647
Suppose 3*n + 23037 = 5*k, -18356 = -4*k + 4*n + 64. List the prime factors of k.
3, 29, 53
Let r(d) = 5*d - 13*d**2 - 11 + 3 + 5 + d**3. Let z be r(10). Let n = -149 - z. List the prime factors of n.
2, 13
Suppose -3584*y + 3573*y = -54219. What are the prime factors of y?
3, 31, 53
Suppose -22*b + 64114 = -38442 + 8242. What are the prime factors of b?
3, 1429
Let m = 3131 - 3368. Let g be 1/(3/1362) + -1. Let y = m + g. What are the prime factors of y?
2, 3
What are the prime factors of -8 + (24014 - -16 - -12)?
2, 61, 197
Suppose -7*j - 2*j + 18 = 0. Let w(g) = 1 - g**j + 4*g**2 - 3*g**2 + 98*g**3 - g**2. What are the prime factors of w(1)?
2, 7
Let u(x) = x**3 + 35*x**2 + 11*x - 43. Let j(o) = 2*o**3 - 26*o**2 + 20*o + 14. Let n be j(12). List the prime factors of u(n).
739
Suppose -3*c + 50686 = 2*b, -5990 = -c - 3*b + 10889. List the prime factors of c.
2, 5, 13
Suppose -838 - 1232 = -9*n. Let t = n + -202. List the prime factors of t.
2, 7
Suppose -4*q + n + 29385 = 0, -q + 3*n + 31